).
-31
Let p(t) be the third derivative of t**5/60 - t**3/2 + 47*t**2. What is p(2)?
1
Let o(f) = 121 - f**2 - 128 + 5*f**2 - 3*f**2 - 5*f. Calculate o(5).
-7
Suppose -4*y = -2*y - 6. Let z(i) = -i + 2. Let d(m) = 2*m - 6. Let a(n) = -3*d(n) - 8*z(n). Calculate a(y).
8
Suppose 2*o - 6*i - 8 = -4*i, -3*i - 4 = -2*o. Let j(m) = -m + 18. Give j(o).
10
Let k(s) = -s + 3. Let f be k(-3). Let q = 1 - f. Let v(a) = a**3 + 5*a**2 + 4*a + 7. Determine v(q).
-13
Suppose -3*u + 1 + 1 = -5*v, -2*u + 2*v + 4 = 0. Let o(s) = 2*s**2 - 6*s + 1. What is o(u)?
9
Let g(f) = f**2 + 7*f - 3. Let p = -1 - 7. Let j = p + 1. Give g(j).
-3
Suppose 0 = -2*x + x - 6. Let p(v) = v**2 + 12*v - 13. Let c(b) = 2*b**2 + 25*b - 27. Let o(y) = -6*c(y) + 13*p(y). Calculate o(x).
-7
Let x(m) = -7*m**3 - m**2 + m + 1. Suppose -2*t + 5*c + 19 = -3*t, 0 = -3*c - 12. Let q be (-22)/8 + (-5)/20. Let i be -2*q/(-6)*t. Determine x(i).
6
Let c(z) = 5*z + 6*z**2 + 0*z + z + 5 + z**3. What is c(-5)?
0
Let d(n) = -2*n - 2. Let c(f) = f**3 - 8*f**2 + f + 3. Let j be c(8). Suppose 1 = -5*m + j. Calculate d(m).
-6
Let w(t) be the third derivative of -t**5/60 - 5*t**3/3 - 7*t**2. Calculate w(0).
-10
Let b = -1 - -2. Let w be (0*b/(-2))/2. Let v(y) be the first derivative of -y**4/4 + y**2/2 - 4*y - 1. What is v(w)?
-4
Suppose f = 3*y + 11, 0 = 2*f - 2*y + 5*y + 5. Let x be (-4)/((-3)/(6/4)). Let r(b) = -2*b**2 + 4*b**2 + 3*b**3 - f*b**3 + x*b**3 - 1. Calculate r(1).
4
Let c(u) = u**2 + 7*u + 3. Let h(i) = -i**3 + 8*i**2 - i + 2. Let x be h(8). Let f be c(x). Let a(y) = -y**3 - 3*y**2 - y + 1. What is a(f)?
4
Let x(p) = -p - 1. Let v be x(-5). Let f(t) = -2*t. Give f(v).
-8
Let j(n) = -n + 3. Let t(u) = u**3 + 6*u**2 - 3*u + 7. Let y be t(-7). Let a = y - -1. Let h be 22/8 - 5/a. Determine j(h).
0
Let x(o) = -o**2 + 4*o - 3. Let u(v) = 8*v**2 + 11*v - 6. Let k be u(-6). Let r be k/60 + 6/(-10). Determine x(r).
0
Suppose 2*m - 16 = 5*n - 1, -6 = n - m. Let k = n - -7. Let a(w) = -w**3 + 5*w**2 + 6*w + 5. What is a(k)?
5
Let t(q) be the second derivative of -q**5/20 + 11*q**4/12 - 11*q**3/6 + 7*q**2 - 4*q. Let p be t(10). Let y(a) = a**3 - 5*a**2 + 2*a + 5. Determine y(p).
-3
Let a(t) = 3*t + 6. Let i(l) = -9*l - 10*l + 22*l - 4 - l**2. Suppose -6 = -w - 3. Let b be i(w). What is a(b)?
-6
Let v(c) be the third derivative of -c**7/5040 + c**6/720 + c**5/20 + 2*c**2. Let u(z) be the third derivative of v(z). What is u(3)?
-2
Let n(l) = l**3 - 9*l**2 - 2*l - 1. Let s(v) = -v**3 + 8*v**2 + 2*v. Let i(w) = -4*n(w) - 5*s(w). Determine i(4).
-4
Let z be ((-3)/(-4))/((12/16)/3). Let u(t) = -2*t + 1. Give u(z).
-5
Let v(n) be the third derivative of -n**7/5040 + n**6/720 + n**5/20 - n**2. Let q(c) be the third derivative of v(c). Let w = -3 + 4. What is q(w)?
0
Let o(n) = -n**2 - 5*n - 2. Let a(h) = 2*h**2 - 11*h. Let s be a(6). Let y = 6 + -4. Suppose -y*z + s = -5*z. What is o(z)?
4
Let k be (-2 - -8)*2/3. Let j = k + -4. Let p(l) = 0 + l + 9 + j. Calculate p(0).
9
Let j(z) = -21*z**3 - 13*z**2 - 13*z + 2. Let p(t) = 10*t**3 + 6*t**2 + 6*t - 1. Let h(l) = -6*j(l) - 13*p(l). Suppose -4*v = -v. Let w = -1 + v. Give h(w).
5
Let k(r) = 2*r. Let o be k(-1). Suppose -4 + 6 = 2*p. Let n(w) = -2 + p + 2*w + 0*w - 3*w. What is n(o)?
1
Let r(d) = d**2 + 5*d. Let n be r(-5). Suppose 0*c + c - 5 = n. Let y(x) = 4 - x**3 + 0*x**2 - 3*x - c*x**2 + x**3 + x**3. What is y(5)?
-11
Let v = 4 + 0. Suppose -3 + 7 = -v*n. Let m(s) = 3*s. Determine m(n).
-3
Let a be 1*(-1)/1*-3. Suppose -12 = 6*q - a*q. Let s(u) = 5 - 6 + u**2 + u - 4. Calculate s(q).
7
Suppose 4*v - 15 = -7. Let k(z) = -7 + 4 - 2 - 2*z + 6. Calculate k(v).
-3
Let t(l) = l**2 + l - 3. Suppose 5*m + 24 = 59. Let a = 7 - m. Suppose f + f = 0, a = 3*k - 5*f. Give t(k).
-3
Suppose -2*u + 80 = 3*u. Let y = u - 11. Let m(q) = -q**2 + 3*q + 5. What is m(y)?
-5
Let n = 11 - 6. Suppose -2*b = -b + n. Let i(c) = c**3 + 6*c**2 + 5*c - 5. Let h be i(b). Let r(u) = u**2 + 6*u + 2. Give r(h).
-3
Suppose 5*u = 4*g - 18, 0*g + 5*u + 6 = -2*g. Let j be (-3)/((-3)/g) - 2. Let z(w) = -9*w + 3 - 1 + 8*w + w**3 + w**2. Calculate z(j).
2
Let k(p) be the first derivative of -p**3/2 + p**2 - 9*p - 8. Let o(r) be the first derivative of k(r). Determine o(3).
-7
Let p(x) = x**2 + 4*x + 1. Let i(v) = 4*v. Let g be i(1). Let j be 14 - ((2 - 1) + -4). Suppose j = -g*f + 5. Determine p(f).
-2
Let f(w) = w**2 - 4*w - 4. Let g = -2 - -4. Let c(x) = 8*x. Let n be c(g). Suppose -4*o = -0*o - n. Give f(o).
-4
Let f = -35 - -40. Let g(k) = k**3 - 5*k**2 + k + 1. Calculate g(f).
6
Let b be ((-1)/4)/(1 + 5/(-2)). Let l(n) be the second derivative of 0 - 1/2*n**2 - 3*n + b*n**3. Give l(-5).
-6
Let r(u) = -10 - 4 + 10 - 5*u + 3*u. What is r(-3)?
2
Suppose -4*y = 5*k - 13, -3*y + 5*k - 26 = 8. Suppose 3*x + d = 4, x - d - 12 = 4*d. Let i(t) = -3 + 6 - 3 + 2*t + t**x. Calculate i(y).
3
Suppose -5*n + 3*u - 8 - 12 = 0, 4*u - 24 = 4*n. Let k(c) = c**2 + 1. Calculate k(n).
2
Let d be 0/(100/(-45) - (-2)/9). Let n(c) = -c - 8. Determine n(d).
-8
Let j be (-33)/(-15) + 2/(-10). Let l(w) = 3*w**3 + 3*w**2 - j - 5*w**3 + w**3 + 2*w**3 - 6*w. Give l(-4).
6
Suppose p - 27 = 3*d, 22 - 55 = -3*p - 3*d. Suppose 5 = 2*o + p. Let u(r) = r**2 + 7*r + 7. What is u(o)?
-3
Let c(f) be the first derivative of -2 - f + 2/3*f**3 - f**2. Suppose -5 = -k + 6*k. What is c(k)?
3
Let k(x) be the third derivative of x**6/60 - x**5/12 + x**4/8 - 2*x**3/3 - 23*x**2. Determine k(3).
14
Let v(f) be the second derivative of f**5/20 - f**4/6 + f**2 - f. Let p be (-10)/(-4) + (-4)/8. Suppose -6*d + p*d + 8 = 0. Determine v(d).
2
Let s(d) = -d. Let c(h) = -h**2 + 4*h + 1. Let m(n) = c(n) - 2*s(n). Give m(5).
6
Let k(r) = -r**2 - 14*r - 7. Let a(v) = 2*v**2 + 29*v + 15. Let l(m) = 6*a(m) + 13*k(m). Calculate l(-4).
15
Let r(l) be the third derivative of l**4/12 + l**3/6 - l**2. Determine r(2).
5
Let d(g) = -g**2 - g - 1. Let c(w) = -2*w**2 - 8*w - 7. Let a(f) = -c(f) + 3*d(f). Let r be ((-2)/(-3))/((-2)/(-15)). Calculate a(r).
4
Let t(w) = 6*w**3 + w**2 + 4*w + 3. Let j(p) = -p**3 - p - 1. Let h(v) = 3*j(v) + t(v). Suppose -2*k + 0 = 6, 0 = 3*s + k + 6. Give h(s).
-3
Let w(c) be the third derivative of c**5/10 + c**4/12 + c**3/6 + c**2. Let g be ((-2)/4)/1*2. What is w(g)?
5
Let i(w) = w**2 - 8*w + 6. Suppose 25 = 8*f - 15. Calculate i(f).
-9
Let v = 102 - 144. Let y be v/8 + 5/20. Let h(p) be the second derivative of p**5/20 + p**4/3 - 2*p**3/3 + p**2 + p. Give h(y).
-3
Suppose -9 = -2*l - l. Let y be (l/6)/((-2)/12). Let x(s) be the second derivative of s**4/12 + s**3/2 + s**2/2 - 188*s - 1. Determine x(y).
1
Let x(a) = 2*a + 1. Suppose 0 = -0*o + 3*o + 6. Give x(o).
-3
Let l(c) = -c - 3. Suppose 4*z - 138 = 2*d, -4*d + 9*d = 3*z - 100. Suppose 2*n = -q - 4*q + 14, q - z = -5*n. Give l(n).
-10
Suppose -6*g = -2*g + 100. Let b = -23 - g. Let t(i) = i**3 - 2*i**2 + 3*i - 1. Calculate t(b).
5
Let l be -26 + 23 - (-16)/3. Let g(u) be the first derivative of 0*u + 1/2*u**2 - l*u**3 - 3. Determine g(-1).
-8
Let h(d) = -19*d. Suppose n + 3 = 2. Give h(n).
19
Let n(w) = 5*w - 8. Let y(d) = 14*d - 23. Let p(f) = 11*n(f) - 4*y(f). Calculate p(0).
4
Let q(v) = -v**3 + 8*v**2 - 6*v - 8. Let y(n) = -n**3 - 4*n**2 - 5*n + 1. Let a be y(-3). Give q(a).
-1
Let w(l) be the second derivative of 0*l**5 + 1/6*l**3 + 0*l**4 + 1/120*l**6 - l**2 + 0 - l. Let i(x) be the first derivative of w(x). Give i(0).
1
Let s(u) be the second derivative of u**6/720 + 5*u**4/12 - 2*u. Let z(h) be the third derivative of s(h). Calculate z(0).
0
Let o(t) = 7 - 60*t + 117*t - 54*t. Let z(b) = -4*b - 1. Let q be z(1). What is o(q)?
-8
Let n(p) = 2*p - 6. Let o be n(4). Let b(c) = -4*c - 2*c**2 + 0 - 1 + c**3 + 3*c. Give b(o).
-3
Let q(o) = -o**3 + 7*o**2 + 9. Suppose 2*w + 6*w = 56. Calculate q(w).
9
Let v be (0 - 1)/(1/(-2)). Suppose 2*h = -2 - v. Let i(g) be the third derivative of g**6/60 + g**5/30 - g**3/3 - 64*g**2. Determine i(h).
-10
Let p(x) = -x + 1. Suppose -6*l + 14 = 2. Suppose -4*k - k = -80. Suppose -k = 2*t + l*c, 3*c = 2*t - 2*c - 5. What is p(t)?
6
Let s = 0 - -4. Let n be (-25)/s + (-2)/(-8). Let z(d) be the second derivative of d**5/20 + d**4/2 - d**3/3 - 9*d**2/2 - 2*d. Determine z(n).
3
Let u(g) = g - 4. Let d be (-3)/(-5 - -2)*0/(-4). What is u(